{"id":41677,"date":"2023-06-27T13:57:32","date_gmt":"2023-06-27T11:57:32","guid":{"rendered":"https:\/\/villa-seligmann.de\/product\/autumn-leaves\/"},"modified":"2024-07-12T12:24:38","modified_gmt":"2024-07-12T10:24:38","slug":"autumn-leaves","status":"publish","type":"product","link":"https:\/\/villa-seligmann.de\/en\/product\/autumn-leaves\/","title":{"rendered":"Autumn Leaves"},"content":{"rendered":"<div class=\"wpb-content-wrapper\"><p>[vc_row][vc_column][vc_column_text]+++ postponed from September 19, 2021 +++<\/p>\n<p><strong>Anne Baquet<\/strong> &#8211; Singing and acting<br \/>\n<strong>Marcos Galkin<\/strong> &#8211; Flute<br \/>\n<strong>Nima Ben David<\/strong> &#8211; Viola da gamba<br \/>\n<strong>Julia Sinoimeri<\/strong> &#8211; Accordion<\/p>\n<hr>\n<p>The child prodigy Joseph Kosma was born Kozma J\u00f3zsef into a Jewish family in Budapest in 1905. He spent his youth in Berlin, side by side with Bart\u00f3k, Kod\u00e1ly and Brecht. His life is turned upside down by the world wars. In 1933, he fled to France to escape National Socialism.<\/p>\n<p>Joseph Kosma is one of those composers whose name we hardly know, while their melodies are on everyone&#8217;s lips. In the land of chanson, he decides to write songs whose purpose is not only to distract and cheer up, but also to express people&#8217;s fear in an increasingly dehumanized and threatening environment.<\/p>\n<p>Kosma wants to use music to bring back the &#8220;wonderful everyday life&#8221; and not just escape reality, but to live a better life. &#8220;And when this miracle is accomplished, music has fulfilled its role, namely to love people and life,&#8221; says Kosma. His colorful oeuvre initially appears somewhat strange and difficult to categorize. Perhaps this is precisely why it has endured and deserves special recognition.<\/p>\n<p>Text: Nima Ben David<\/p>\n<p>Photo by Anne Baquet: \u00a9 Michel N&#8217;guyen<br \/>\nPhoto by Joseph Kosma: \u00a9 Fortepan | Zolt\u00e1n Szalay<\/p>\n<hr>\n<p><img loading=\"lazy\" decoding=\"async\" class=\"wp-image-32791 alignleft\" src=\"https:\/\/kunden.aksechsundachtzig.eu\/villaseligmann-alt\/wp-content\/uploads\/2022\/02\/freunde-der-villa-seligmann-logo-e1644400601187.png\" alt=\"Logo of the Friends of Villa Seligmann e.V.\" width=\"100\" height=\"124\"><\/p>\n<p>This concert is organized with the kind support of<br \/>\nFriends of Villa Seligmann e. V.[\/vc_column_text][\/vc_column][\/vc_row][vc_row][vc_column][vc_gallery interval=&#8221;3&#8243; images=&#8221;41997,42001,42004,42007,42010&#8243; img_size=&#8221;large&#8221; css=&#8221;&#8221;][vc_column_text css=&#8221;&#8221;]\u00a9 Heiner Schlote[\/vc_column_text][\/vc_column][\/vc_row]<\/p>\n<\/div>","protected":false},"excerpt":{"rendered":"<p><strong>Homage to Joseph Kosma<\/strong><\/p>\n<p>Moderated concert for the Feast of Tabernacles<\/p>\n","protected":false},"featured_media":41674,"comment_status":"open","ping_status":"closed","template":"","meta":{"_acf_changed":false},"product_brand":[],"product_cat":[178,186],"product_tag":[],"class_list":{"0":"post-41677","1":"product","2":"type-product","3":"status-publish","4":"has-post-thumbnail","6":"product_cat-events","7":"product_cat-concerts","9":"first","10":"outofstock","11":"taxable","12":"shipping-taxable","13":"product-type-variable"},"acf":[],"yoast_head":"<!-- This site is optimized with the Yoast SEO plugin v27.2 - https:\/\/yoast.com\/product\/yoast-seo-wordpress\/ -->\n<title>Autumn Leaves - Villa Seligmann<\/title>\n<meta name=\"description\" content=\"Chansons and songs by Joseph Kosma with French actress and singer Anne Baquet for the Feast of Tabernacles at Villa Seligmann\" \/>\n<meta name=\"robots\" content=\"index, follow, max-snippet:-1, max-image-preview:large, max-video-preview:-1\" \/>\n<link rel=\"canonical\" href=\"https:\/\/villa-seligmann.de\/en\/product\/autumn-leaves\/\" \/>\n<meta property=\"og:locale\" content=\"en_US\" \/>\n<meta property=\"og:type\" content=\"article\" \/>\n<meta property=\"og:title\" content=\"Autumn Leaves - Villa Seligmann\" \/>\n<meta property=\"og:description\" content=\"Chansons and songs by Joseph Kosma with French actress and singer Anne Baquet for the Feast of Tabernacles at Villa Seligmann\" \/>\n<meta property=\"og:url\" content=\"https:\/\/villa-seligmann.de\/en\/product\/autumn-leaves\/\" \/>\n<meta property=\"og:site_name\" content=\"Villa Seligmann\" \/>\n<meta property=\"article:publisher\" content=\"https:\/\/www.facebook.com\/villa.seligmann\/\" \/>\n<meta property=\"article:modified_time\" content=\"2024-07-12T10:24:38+00:00\" \/>\n<meta property=\"og:image\" content=\"https:\/\/villa-seligmann.de\/wp-content\/uploads\/2024\/06\/autumn-leaves-titelbild.jpg\" \/>\n\t<meta property=\"og:image:width\" content=\"1465\" \/>\n\t<meta property=\"og:image:height\" content=\"1075\" \/>\n\t<meta property=\"og:image:type\" content=\"image\/jpeg\" \/>\n<meta name=\"twitter:card\" content=\"summary_large_image\" \/>\n<meta name=\"twitter:label1\" content=\"Est. reading time\" \/>\n\t<meta name=\"twitter:data1\" content=\"1 minute\" \/>\n<script type=\"application\/ld+json\" class=\"yoast-schema-graph\">{\"@context\":\"https:\/\/schema.org\",\"@graph\":[{\"@type\":\"WebPage\",\"@id\":\"https:\/\/villa-seligmann.de\/en\/product\/autumn-leaves\/\",\"url\":\"https:\/\/villa-seligmann.de\/en\/product\/autumn-leaves\/\",\"name\":\"Autumn Leaves - Villa Seligmann\",\"isPartOf\":{\"@id\":\"https:\/\/villa-seligmann.de\/en\/#website\"},\"primaryImageOfPage\":{\"@id\":\"https:\/\/villa-seligmann.de\/en\/product\/autumn-leaves\/#primaryimage\"},\"image\":{\"@id\":\"https:\/\/villa-seligmann.de\/en\/product\/autumn-leaves\/#primaryimage\"},\"thumbnailUrl\":\"https:\/\/villa-seligmann.de\/wp-content\/uploads\/2024\/06\/autumn-leaves-titelbild.jpg\",\"datePublished\":\"2023-06-27T11:57:32+00:00\",\"dateModified\":\"2024-07-12T10:24:38+00:00\",\"description\":\"Chansons and songs by Joseph Kosma with French actress and singer Anne Baquet for the Feast of Tabernacles at Villa Seligmann\",\"breadcrumb\":{\"@id\":\"https:\/\/villa-seligmann.de\/en\/product\/autumn-leaves\/#breadcrumb\"},\"inLanguage\":\"en-US\",\"potentialAction\":[{\"@type\":\"ReadAction\",\"target\":[\"https:\/\/villa-seligmann.de\/en\/product\/autumn-leaves\/\"]}]},{\"@type\":\"ImageObject\",\"inLanguage\":\"en-US\",\"@id\":\"https:\/\/villa-seligmann.de\/en\/product\/autumn-leaves\/#primaryimage\",\"url\":\"https:\/\/villa-seligmann.de\/wp-content\/uploads\/2024\/06\/autumn-leaves-titelbild.jpg\",\"contentUrl\":\"https:\/\/villa-seligmann.de\/wp-content\/uploads\/2024\/06\/autumn-leaves-titelbild.jpg\",\"width\":1465,\"height\":1075},{\"@type\":\"BreadcrumbList\",\"@id\":\"https:\/\/villa-seligmann.de\/en\/product\/autumn-leaves\/#breadcrumb\",\"itemListElement\":[{\"@type\":\"ListItem\",\"position\":1,\"name\":\"Startseite\",\"item\":\"https:\/\/villa-seligmann.de\/en\/your-address-for-living-jewish-culture-in-hanover\/\"},{\"@type\":\"ListItem\",\"position\":2,\"name\":\"Store\",\"item\":\"https:\/\/villa-seligmann.de\/en\/store\/\"},{\"@type\":\"ListItem\",\"position\":3,\"name\":\"Autumn Leaves\"}]},{\"@type\":\"WebSite\",\"@id\":\"https:\/\/villa-seligmann.de\/en\/#website\",\"url\":\"https:\/\/villa-seligmann.de\/en\/\",\"name\":\"Villa Seligmann\",\"description\":\"\",\"publisher\":{\"@id\":\"https:\/\/villa-seligmann.de\/en\/#organization\"},\"potentialAction\":[{\"@type\":\"SearchAction\",\"target\":{\"@type\":\"EntryPoint\",\"urlTemplate\":\"https:\/\/villa-seligmann.de\/en\/?s={search_term_string}\"},\"query-input\":{\"@type\":\"PropertyValueSpecification\",\"valueRequired\":true,\"valueName\":\"search_term_string\"}}],\"inLanguage\":\"en-US\"},{\"@type\":\"Organization\",\"@id\":\"https:\/\/villa-seligmann.de\/en\/#organization\",\"name\":\"Siegmund Seligmann Gesellschaft e.V.\",\"url\":\"https:\/\/villa-seligmann.de\/en\/\",\"logo\":{\"@type\":\"ImageObject\",\"inLanguage\":\"en-US\",\"@id\":\"https:\/\/villa-seligmann.de\/en\/#\/schema\/logo\/image\/\",\"url\":\"http:\/\/villa-seligmann.com\/wp-content\/uploads\/2023\/09\/Logo-Villa-Seligmann.svg\",\"contentUrl\":\"http:\/\/villa-seligmann.com\/wp-content\/uploads\/2023\/09\/Logo-Villa-Seligmann.svg\",\"width\":1278,\"height\":902,\"caption\":\"Siegmund Seligmann Gesellschaft e.V.\"},\"image\":{\"@id\":\"https:\/\/villa-seligmann.de\/en\/#\/schema\/logo\/image\/\"},\"sameAs\":[\"https:\/\/www.facebook.com\/villa.seligmann\/\",\"https:\/\/www.youtube.com\/channel\/UCv0CtyCbwPHMOb-cmdsXcjw\",\"https:\/\/www.instagram.com\/villaseligmann\/\"]}]}<\/script>\n<!-- \/ Yoast SEO plugin. -->","yoast_head_json":{"title":"Autumn Leaves - Villa Seligmann","description":"Chansons and songs by Joseph Kosma with French actress and singer Anne Baquet for the Feast of Tabernacles at Villa Seligmann","robots":{"index":"index","follow":"follow","max-snippet":"max-snippet:-1","max-image-preview":"max-image-preview:large","max-video-preview":"max-video-preview:-1"},"canonical":"https:\/\/villa-seligmann.de\/en\/product\/autumn-leaves\/","og_locale":"en_US","og_type":"article","og_title":"Autumn Leaves - Villa Seligmann","og_description":"Chansons and songs by Joseph Kosma with French actress and singer Anne Baquet for the Feast of Tabernacles at Villa Seligmann","og_url":"https:\/\/villa-seligmann.de\/en\/product\/autumn-leaves\/","og_site_name":"Villa Seligmann","article_publisher":"https:\/\/www.facebook.com\/villa.seligmann\/","article_modified_time":"2024-07-12T10:24:38+00:00","og_image":[{"width":1465,"height":1075,"url":"https:\/\/villa-seligmann.de\/wp-content\/uploads\/2024\/06\/autumn-leaves-titelbild.jpg","type":"image\/jpeg"}],"twitter_card":"summary_large_image","twitter_misc":{"Est. reading time":"1 minute"},"schema":{"@context":"https:\/\/schema.org","@graph":[{"@type":"WebPage","@id":"https:\/\/villa-seligmann.de\/en\/product\/autumn-leaves\/","url":"https:\/\/villa-seligmann.de\/en\/product\/autumn-leaves\/","name":"Autumn Leaves - Villa Seligmann","isPartOf":{"@id":"https:\/\/villa-seligmann.de\/en\/#website"},"primaryImageOfPage":{"@id":"https:\/\/villa-seligmann.de\/en\/product\/autumn-leaves\/#primaryimage"},"image":{"@id":"https:\/\/villa-seligmann.de\/en\/product\/autumn-leaves\/#primaryimage"},"thumbnailUrl":"https:\/\/villa-seligmann.de\/wp-content\/uploads\/2024\/06\/autumn-leaves-titelbild.jpg","datePublished":"2023-06-27T11:57:32+00:00","dateModified":"2024-07-12T10:24:38+00:00","description":"Chansons and songs by Joseph Kosma with French actress and singer Anne Baquet for the Feast of Tabernacles at Villa Seligmann","breadcrumb":{"@id":"https:\/\/villa-seligmann.de\/en\/product\/autumn-leaves\/#breadcrumb"},"inLanguage":"en-US","potentialAction":[{"@type":"ReadAction","target":["https:\/\/villa-seligmann.de\/en\/product\/autumn-leaves\/"]}]},{"@type":"ImageObject","inLanguage":"en-US","@id":"https:\/\/villa-seligmann.de\/en\/product\/autumn-leaves\/#primaryimage","url":"https:\/\/villa-seligmann.de\/wp-content\/uploads\/2024\/06\/autumn-leaves-titelbild.jpg","contentUrl":"https:\/\/villa-seligmann.de\/wp-content\/uploads\/2024\/06\/autumn-leaves-titelbild.jpg","width":1465,"height":1075},{"@type":"BreadcrumbList","@id":"https:\/\/villa-seligmann.de\/en\/product\/autumn-leaves\/#breadcrumb","itemListElement":[{"@type":"ListItem","position":1,"name":"Startseite","item":"https:\/\/villa-seligmann.de\/en\/your-address-for-living-jewish-culture-in-hanover\/"},{"@type":"ListItem","position":2,"name":"Store","item":"https:\/\/villa-seligmann.de\/en\/store\/"},{"@type":"ListItem","position":3,"name":"Autumn Leaves"}]},{"@type":"WebSite","@id":"https:\/\/villa-seligmann.de\/en\/#website","url":"https:\/\/villa-seligmann.de\/en\/","name":"Villa Seligmann","description":"","publisher":{"@id":"https:\/\/villa-seligmann.de\/en\/#organization"},"potentialAction":[{"@type":"SearchAction","target":{"@type":"EntryPoint","urlTemplate":"https:\/\/villa-seligmann.de\/en\/?s={search_term_string}"},"query-input":{"@type":"PropertyValueSpecification","valueRequired":true,"valueName":"search_term_string"}}],"inLanguage":"en-US"},{"@type":"Organization","@id":"https:\/\/villa-seligmann.de\/en\/#organization","name":"Siegmund Seligmann Gesellschaft e.V.","url":"https:\/\/villa-seligmann.de\/en\/","logo":{"@type":"ImageObject","inLanguage":"en-US","@id":"https:\/\/villa-seligmann.de\/en\/#\/schema\/logo\/image\/","url":"http:\/\/villa-seligmann.com\/wp-content\/uploads\/2023\/09\/Logo-Villa-Seligmann.svg","contentUrl":"http:\/\/villa-seligmann.com\/wp-content\/uploads\/2023\/09\/Logo-Villa-Seligmann.svg","width":1278,"height":902,"caption":"Siegmund Seligmann Gesellschaft e.V."},"image":{"@id":"https:\/\/villa-seligmann.de\/en\/#\/schema\/logo\/image\/"},"sameAs":["https:\/\/www.facebook.com\/villa.seligmann\/","https:\/\/www.youtube.com\/channel\/UCv0CtyCbwPHMOb-cmdsXcjw","https:\/\/www.instagram.com\/villaseligmann\/"]}]}},"_links":{"self":[{"href":"https:\/\/villa-seligmann.de\/en\/wp-json\/wp\/v2\/product\/41677","targetHints":{"allow":["GET"]}}],"collection":[{"href":"https:\/\/villa-seligmann.de\/en\/wp-json\/wp\/v2\/product"}],"about":[{"href":"https:\/\/villa-seligmann.de\/en\/wp-json\/wp\/v2\/types\/product"}],"replies":[{"embeddable":true,"href":"https:\/\/villa-seligmann.de\/en\/wp-json\/wp\/v2\/comments?post=41677"}],"wp:featuredmedia":[{"embeddable":true,"href":"https:\/\/villa-seligmann.de\/en\/wp-json\/wp\/v2\/media\/41674"}],"wp:attachment":[{"href":"https:\/\/villa-seligmann.de\/en\/wp-json\/wp\/v2\/media?parent=41677"}],"wp:term":[{"taxonomy":"product_brand","embeddable":true,"href":"https:\/\/villa-seligmann.de\/en\/wp-json\/wp\/v2\/product_brand?post=41677"},{"taxonomy":"product_cat","embeddable":true,"href":"https:\/\/villa-seligmann.de\/en\/wp-json\/wp\/v2\/product_cat?post=41677"},{"taxonomy":"product_tag","embeddable":true,"href":"https:\/\/villa-seligmann.de\/en\/wp-json\/wp\/v2\/product_tag?post=41677"}],"curies":[{"name":"wp","href":"https:\/\/api.w.org\/{rel}","templated":true}]}}

<div class="wpb-content-wrapper"><p>[vc_row][vc_column][vc_column_text]+++ postponed from September 19, 2021 +++</p>
<p><strong>Anne Baquet</strong> &#8211; Singing and acting<br />
<strong>Marcos Galkin</strong> &#8211; Flute<br />
<strong>Nima Ben David</strong> &#8211; Viola da gamba<br />
<strong>Julia Sinoimeri</strong> &#8211; Accordion</p>
<hr>
<p>The child prodigy Joseph Kosma was born Kozma József into a Jewish family in Budapest in 1905. He spent his youth in Berlin, side by side with Bartók, Kodály and Brecht. His life is turned upside down by the world wars. In 1933, he fled to France to escape National Socialism.</p>
<p>Joseph Kosma is one of those composers whose name we hardly know, while their melodies are on everyone&#8217;s lips. In the land of chanson, he decides to write songs whose purpose is not only to distract and cheer up, but also to express people&#8217;s fear in an increasingly dehumanized and threatening environment.</p>
<p>Kosma wants to use music to bring back the &#8220;wonderful everyday life&#8221; and not just escape reality, but to live a better life. &#8220;And when this miracle is accomplished, music has fulfilled its role, namely to love people and life,&#8221; says Kosma. His colorful oeuvre initially appears somewhat strange and difficult to categorize. Perhaps this is precisely why it has endured and deserves special recognition.</p>
<p>Text: Nima Ben David</p>
<p>Photo by Anne Baquet: © Michel N&#8217;guyen<br />
Photo by Joseph Kosma: © Fortepan | Zoltán Szalay</p>
<hr>
<p><img loading="lazy" decoding="async" class="wp-image-32791 alignleft" src="https://kunden.aksechsundachtzig.eu/villaseligmann-alt/wp-content/uploads/2022/02/freunde-der-villa-seligmann-logo-e1644400601187.png" alt="Logo of the Friends of Villa Seligmann e.V." width="100" height="124"></p>
<p>This concert is organized with the kind support of<br />
Friends of Villa Seligmann e. V.[/vc_column_text][/vc_column][/vc_row][vc_row][vc_column][vc_gallery interval=&#8221;3&#8243; images=&#8221;41997,42001,42004,42007,42010&#8243; img_size=&#8221;large&#8221; css=&#8221;&#8221;][vc_column_text css=&#8221;&#8221;]© Heiner Schlote[/vc_column_text][/vc_column][/vc_row]</p>
</div>
